 121471?
False
Is 22 a factor of 75453?
False
Does 12 divide 516?
True
Is 2147 a multiple of 12?
False
Is 5 a factor of 205?
True
Does 7 divide 3984?
False
Is 855 a multiple of 15?
True
Is 2033 a multiple of 14?
False
Is 31 a factor of 992?
True
Is 491 a multiple of 9?
False
Is 15967 a multiple of 13?
False
Is 39 a factor of 2613?
True
Does 30 divide 3696?
False
Is 7056 a multiple of 14?
True
Is 30 a multiple of 6?
True
Is 2166 a multiple of 57?
True
Is 15039 a multiple of 11?
False
Is 23 a factor of 210?
False
Is 42 a factor of 14960?
False
Is 204 a multiple of 17?
True
Does 17 divide 408?
True
Does 23 divide 17020?
True
Is 38 a factor of 532?
True
Is 40565 a multiple of 23?
False
Does 59 divide 7375?
True
Is 2 a factor of 14396?
True
Is 1009 a multiple of 7?
False
Is 3323 a multiple of 37?
False
Is 16962 a multiple of 66?
True
Is 125 a factor of 10658?
False
Is 2907 a multiple of 17?
True
Is 1605 a multiple of 22?
False
Is 26 a factor of 138?
False
Is 20 a factor of 3364?
False
Does 3 divide 102?
True
Does 4 divide 178?
False
Is 9 a factor of 558?
True
Does 45 divide 255?
False
Is 82088 a multiple of 57?
False
Is 862 a multiple of 8?
False
Does 23 divide 667?
True
Is 1773 a multiple of 3?
True
Does 13 divide 39?
True
Does 19 divide 3179?
False
Is 26 a factor of 598?
True
Is 6180 a multiple of 60?
True
Is 2296 a multiple of 28?
True
Is 8479 a multiple of 15?
False
Is 31710 a multiple of 42?
True
Is 10 a factor of 1480?
True
Is 5656 a multiple of 3?
False
Is 103 a factor of 3811?
True
Is 330 a factor of 63690?
True
Is 30 a factor of 140214?
False
Is 14 a factor of 280?
True
Is 420 a multiple of 30?
True
Does 7 divide 4397?
False
Does 22 divide 2486?
True
Is 62 a factor of 167?
False
Is 44075 a multiple of 41?
True
Does 19 divide 3123?
False
Does 6 divide 984?
True
Is 38 a factor of 52098?
True
Is 3509 a multiple of 5?
False
Does 28 divide 3584?
True
Is 19176 a multiple of 31?
False
Is 10 a factor of 31759?
False
Is 34278 a multiple of 7?
False
Is 258 a multiple of 6?
True
Is 250 a factor of 9962?
False
Does 4 divide 2582?
False
Is 1078 a multiple of 98?
True
Does 17 divide 1442?
False
Is 67527 a multiple of 183?
True
Does 7 divide 275?
False
Is 5461 a multiple of 19?
False
Is 19 a factor of 4446?
True
Is 36607 a multiple of 139?
False
Is 1190 a multiple of 34?
True
Is 26501 a multiple of 3?
False
Does 10 divide 10540?
True
Is 36262 a multiple of 64?
False
Is 10 a factor of 920?
True
Does 4 divide 91?
False
Is 9 a factor of 675?
True
Is 110 a multiple of 20?
False
Is 14 a factor of 1204?
True
Is 7 a factor of 4921?
True
Does 49 divide 1911?
True
Is 18 a factor of 2686?
False
Is 19 a factor of 9233?
False
Is 1289 a multiple of 11?
False
Is 2798 a multiple of 2?
True
Is 20 a factor of 640?
True
Does 66 divide 32782?
False
Does 9 divide 5013?
True
Is 18 a factor of 198?
True
Is 19602 a multiple of 11?
True
Is 38 a factor of 2570?
False
Does 69 divide 8652?
False
Does 19 divide 1152?
False
Does 27 divide 1135?
False
Is 158 a multiple of 10?
False
Is 9 a factor of 5517?
True
Does 6 divide 16536?
True
Is 47 a factor of 22895?
False
Is 6622 a multiple of 6?
False
Is 765 a multiple of 17?
True
Is 228 a multiple of 19?
True
Is 10580 a multiple of 46?
True
Does 5 divide 2647?
False
Is 3 a factor of 2345?
False
Does 179 divide 75645?
False
Does 48 divide 96?
True
Is 21 a factor of 42?
True
Does 52 divide 880?
False
Does 26 divide 345?
False
Is 17 a multiple of 2?
False
Is 54 a factor of 79?
False
Is 64 a factor of 2304?
True
Is 92 a multiple of 23?
True
Is 90 a multiple of 4?
False
Is 1242 a multiple of 23?
True
Is 19659 a multiple of 118?
False
Does 233 divide 1398?
True
Is 6375 a multiple of 75?
True
Does 14 divide 336?
True
Does 280 divide 8400?
True
Is 181 a multiple of 6?
False
Does 49 divide 284?
False
Is 55 a factor of 166?
False
Is 852 a multiple of 3?
True
Is 34 a factor of 964?
False
Is 12 a factor of 296?
False
Does 13 divide 182?
True
Is 5 a factor of 1110?
True
Is 1101 a multiple of 22?
False
Is 20 a factor of 5742?
False
Is 25 a factor of 164?
False
Does 91 divide 1456?
True
Does 143 divide 15357?
False
Is 25 a factor of 1250?
True
Is 33 a factor of 3168?
True
Is 16 a factor of 2836?
False
Is 572 a multiple of 10?
False
Is 75 a factor of 307?
False
Is 9039 a multiple of 69?
True
Is 297 a multiple of 7?
False
Is 98 a factor of 1589?
False
Does 135 divide 2108?
False
Is 20 a factor of 238?
False
Does 105 divide 12256?
False
Does 10 divide 2727?
False
Does 17 divide 143?
False
Is 10 a factor of 2689?
False
Is 136 a factor of 11288?
True
Is 213 even?
False
Is 228 a factor of 19573?
False
Is 3968 a multiple of 32?
True
Is 12 a factor of 6272?
False
Is 16 a factor of 4156?
False
Is 4 a factor of 141?
False
Is 3605 a multiple of 34?
False
Is 5808 a multiple of 11?
True
Does 19 divide 6954?
True
Is 133 a multiple of 2?
False
Is 86 a factor of 1607?
False
Does 19 divide 646?
True
Is 55 a factor of 55?
True
Is 15 a factor of 285?
True
Is 2640 a multiple of 11?
True
Is 138 a factor of 49266?
True
Does 16 divide 9095?
False
Is 37 a factor of 481?
True
Does 87 divide 3153?
False
Does 7 divide 2252?
False
Does 7 divide 11668?
False
Does 12 divide 26294?
False
Does 63 divide 628?
False
Is 32981 a multiple of 20?
False
Is 252 a multiple of 42?
True
Is 424 a multiple of 8?
True
Does 23 divide 417?
False
Is 10 a factor of 11080?
True
Does 141 divide 31888?
False
Is 70 a factor of 63709?
False
Is 36 a factor of 2409?
False
Does 336 divide 11332?
False
Is 3013 a multiple of 2?
False
Does 21 divide 140303?
False
Does 12 divide 94428?
True
Does 35 divide 1890?
True
Is 8 a factor of 352?
True
Is 32 a factor of 64429?
False
Is 58 a factor of 1218?
True
Does 5 divide 27764?
False
Is 617 a multiple of 35?
False
Does 11 divide 62310?
False
Does 5 divide 657?
False
Is 7 a factor of 1827?
True
Is 35 a factor of 595?
True
Does 6 divide 246?
True
Is 5 a factor of 345?
True
Does 36 divide 8063?
False
Is 10 a factor of 920?
True
Is 24 a factor of 409?
False
Is 17 a factor of 14854?
False
Is 21336 a multiple of 20?
False
Is 27 a factor of 17037?
True
Does 59 divide 2832?
True
Does 15 divide 3600?
True
Is 12329 a multiple of 2?
False
Is 504 a multiple of 63?
True
Does 28 divide 3164?
True
Is 7920 a multiple of 9?
True
Is 48855 a multiple of 17?
False
Does 254 divide 97028?
True
Is 31 a factor of 4867?
True
Does 53 divide 5618?
True
Is 7 a factor of 4972?
False
Is 34 a factor of 498?
False
Does 5 divide 1825?
True
Does 3 divide 593?
False
Does 9 divide 780?
False
Is 117 a factor of 117?
True
Is 9840 a multiple of 6?
True
Does 5 divide 560?
True
Is 28 a factor of 16532?
False
Does 16 divide 1107?
False
Is 784 a multiple of 97?
False
Does 5 divide 100?
True
Does 16 divide 1426?
False
Does 77 divide 770?
True
Is 418 a multiple of 16?
False
Does 112 divide 48160?
True
Is 6 a factor of 2046?
True
Is 6 a factor of 41?
False
Does 45 divide 24255?
True
Is 3564 a multiple of 12?
True
Is 49856 a multiple of 41?
True
Is 160 a factor of 14159?
False
Is 87 a factor of 1044?
True
Does 116 divide 11772?
False
Is 52 a factor of 61830?
False
Is 12927 a multiple of 4?
False
Is 7552 a multiple of 3?
False
Is 81624 a multiple of 38?
True
Is 3312 a multiple of 24?
True
Is 17 a factor of 22576?
True
Is 5 a factor of 223?
False
Is 28625 a multiple of 25?
True
Is 434 a multiple of 21?
False
Is 129060 a multiple of 108?
True
Is 9 a factor of 59?
False
Is 13 a factor of 3549?
True
Is 11899 a multiple of 282?
False
Is 1224 a multiple of 24?
True
Does 17 divide 10452?
False
Does 122 divide 732?
True
Is 10 a factor of 6689?
False
Does 37 divide 5442?
False
Is 24787 a multiple of 20?
False
Is 221 a multiple of 2?
False
Is 186 a multiple of 6?
True
Does 5 divide 535?
True
Is 16014 a multiple of 17?
True
Is 844 a multiple of 18?
False
Does 38 divide 67557?
False
Does 2 divide 1068?
True
Is 42 a factor of 703?
False
Is 29504 a multiple of 330?
False
Is 544 a multiple of 16?
True
Is 7 a factor of 469?
True
Does 90 divide 34258?
False
Is 30942 a multiple of 133?
False
Is 27033 a multiple of 32?
False
Is 44 a factor of 19668?
True
Is 74 a factor of 666?
True
Is 265 a multiple of 11?
False
Does 8 divide 669?
False
Is 43 a multiple of 17?
False
Does 19 divide 1134?
False
Is 56 a factor of 12784?
False
Does 25